st derivative of 1/4*q**4 - q**2 + 1/3*q**3 + 3 + q. What are the prime factors of a(2)?
3
Let r(x) = -2*x + 9. What are the prime factors of r(-4)?
17
Let h = -58 - -142. What are the prime factors of h?
2, 3, 7
Let w be 2/5 + (-24)/10. Let i(m) = -17*m - 1. List the prime factors of i(w).
3, 11
Let b be -15*((-21)/15 + 1). Suppose b + 38 = 4*m. What are the prime factors of m?
11
Let x(d) = -d**3 + 7*d**2 + 3*d + 4. Let f be x(7). Let o = f - 15. List the prime factors of o.
2, 5
Let l = -606 + 952. List the prime factors of l.
2, 173
Suppose -19 + 143 = 4*v. What are the prime factors of v?
31
Suppose 5*q = 18 - 3. Let c(h) = q + 2*h - 3 - 1. List the prime factors of c(6).
11
List the prime factors of ((-10)/(-15) - 0)*(243 + 0).
2, 3
Suppose w + 9 = 4*w. Let i(h) = -h + 9. Let k be i(4). Suppose w*q - 40 = -5*x, q + 6 + 14 = k*x. List the prime factors of q.
5
Let q be 2/9 + 372/27. Suppose -5*f + 13 + 2 = 0, -5*f + 65 = 5*g. Let x = q - g. What are the prime factors of x?
2
Suppose -9 = -7*m + 4*m. Suppose m*o + 2*s = 17, -4 = -2*o - 3*s + 14. Suppose -5*z = o*l - 70, 0 = -z + 4*l + 32 + 5. What are the prime factors of z?
17
Suppose -5*u = -3*g + 40, -10 = -5*g - 2*u + 5. What are the prime factors of g?
5
Let o(d) = -d**3 + 5*d**2 + d - 1. Let n be o(5). Let j(h) = h**2 + 3*h + 2. Let m be j(-2). Suppose 0 = -n*x - m*x + 36. What are the prime factors of x?
3
Suppose 2*x + 3*a - 153 = 0, -5*x + 5*a + 445 = 125. What are the prime factors of x?
3, 23
Suppose 3 = 4*s - 9. Suppose 0*v - 33 = -s*v. List the prime factors of v.
11
Let d(y) be the first derivative of -y**2 - 5*y - 1. Let p be d(-4). Suppose 4*k - 19 + p = 0. List the prime factors of k.
2
Let n = -19 + 22. Suppose -o - n*o + 172 = 0. List the prime factors of o.
43
Let o(s) = -2*s - 4*s**2 + 2*s**3 - 2*s**3 + 1 - s**3. List the prime factors of o(-4).
3
Let t(p) = -10*p + p + 2 + 3*p**2 - 2*p**2. Let d be t(8). What are the prime factors of (-30)/4*4/d?
5
Let l(i) be the third derivative of i**5/15 + i**4/8 + 2*i**3/3 + 5*i**2. List the prime factors of l(-3).
31
Let i(m) = 5*m - 2. Let d = -27 + 38. Suppose 4*p = -3 + d. What are the prime factors of i(p)?
2
Suppose 0 = 6*u - 32 - 16. List the prime factors of u.
2
Let t = -16 - -50. What are the prime factors of t?
2, 17
Let m(k) = 2*k**2 - k - 4. Let a(h) = h**2 - h - 5. Let o(v) = -2*a(v) + 3*m(v). List the prime factors of o(2).
2, 3
Suppose 0 = -f + 50 + 3. Suppose 2*g + 5*d = d + 68, 2*g - f = d. List the prime factors of g.
2, 7
Suppose 2*v - 11 = -3*x + 4*v, -5*x + 5*v + 15 = 0. Let i be (8/x)/(2/10). List the prime factors of i/20 - 48/(-5).
2, 5
Suppose -2*o = -5*f - 7 - 62, 5*o - 4*f = 164. Let t = o - 18. What are the prime factors of t?
2, 7
Suppose 21 = -9*k + 12*k. List the prime factors of k.
7
Let k(h) = -h**3 + 3*h**2 + 8*h + 6. Let u = -4 + 2. Let r(q) = -3*q**3 + 8*q**2 + 25*q + 19. Let c(j) = u*r(j) + 7*k(j). What are the prime factors of c(6)?
2
Let t(c) = c**2 + c - 2. List the prime factors of t(5).
2, 7
Let i = 10 - 6. Let t = -71 - -71. Suppose -2*r + 3*u + t + i = 0, -r = 5*u - 28. List the prime factors of r.
2
Let g = 1 - 6. Let t = g - -21. Suppose -o + 5 = -w, 4*o + w - t = -6. What are the prime factors of o?
3
Let i = 47 - -84. Let p = -92 + i. List the prime factors of p.
3, 13
Let q(w) = w**2 + w + 2. Let l(f) = f**2 + 5*f - 3. Let a be l(-5). Let y = 0 - a. List the prime factors of q(y).
2, 7
Suppose 0 = -3*i + i. Suppose 5*w + 11 - 106 = -5*c, 3*c + 12 = i. List the prime factors of w.
23
Let s be (1 - 2) + 1 + 0. Suppose -5*m + 7 + 28 = s. List the prime factors of m.
7
Let j = -22 - -31. What are the prime factors of j?
3
Let c(p) = p**3 - 4*p**2 + 3*p - 2. Let v be c(3). Let g be -14 - (-2)/(0 - v). Let r = g - -21. What are the prime factors of r?
2
Let v = 16 - -13. What are the prime factors of v?
29
Let b = 21 + -27. Let z(x) be the third derivative of x**5/60 + x**4/6 - x**3/2 + x**2. What are the prime factors of z(b)?
3
Suppose 0*z + 4*z - 12 = 0, -o = -5*z. What are the prime factors of o?
3, 5
Let d(k) = -k + 4. Let r be d(3). Let n(a) = -36 + 2*a + 36 - a + 20*a**2. What are the prime factors of n(r)?
3, 7
Let x = -1 + 2. Suppose w + x = 11. Let m = 22 - w. List the prime factors of m.
2, 3
Let x(n) = n**2 + 3*n - 12. List the prime factors of x(-8).
2, 7
Let g(f) be the second derivative of f**4/12 - f**3/6 + f**2/2 - 9*f. List the prime factors of g(6).
31
Let t be (1/3)/(1/123). Let k be (0/(-2))/(2/1). Suppose -2*j + 9 = g, -3*j = 4*g - k*g - t. List the prime factors of g.
11
Let w = 12 - -15. Suppose -n + w = 2*n. What are the prime factors of n?
3
Suppose 3 = a, -v + 5*v = a + 521. List the prime factors of v.
131
Let o(j) = -4*j + 7*j - j + 3*j**2 + 4. List the prime factors of o(-2).
2, 3
Let v(h) = h - 6. Suppose 0*t - 40 = -4*t. Let l be v(t). Suppose 0 = 5*q + l*c - 9, 2*q - 22 = 5*c + 8. What are the prime factors of q?
5
Let i be 1 - 1 - (-2 - 0). Let q = -5 - -6. Suppose 23 = i*o - q. List the prime factors of o.
2, 3
Let f be ((-2)/4)/((-1)/30). Suppose 5*k - f = 0, -4*k + 3*k + 17 = -2*t. What are the prime factors of 0 + -1 + (-119)/t?
2
Let v(s) = -6*s - 6. List the prime factors of v(-11).
2, 3, 5
What are the prime factors of (-3)/12 + 1704/32?
53
Suppose -5*b - 15 = 20. Let p(y) = y**3 + 7*y**2 - 2*y + 3. What are the prime factors of p(b)?
17
List the prime factors of (18/8)/(2/144*3).
2, 3
Let z(s) = 2*s + 35. What are the prime factors of z(17)?
3, 23
Let g(r) = -5*r + 2. Let o be g(-4). Suppose 3*c + 11 = -7*f + 3*f, 2*f = 4*c - o. What are the prime factors of c?
3
Suppose i - 4 = 4*h - 3*i, i + 11 = -5*h. Let r(j) = -j**2 - 5*j - 1. Let f be r(h). Suppose -b - 3*w - f = b, 5*b - 2*w - 16 = 0. List the prime factors of b.
2
Let u(p) = -3*p**3 - 6*p**2 - 2*p - 8. Let x(c) = c**3 + c**2 - c + 1. Let h(q) = u(q) + 2*x(q). What are the prime factors of h(-4)?
2, 5
What are the prime factors of 9/(-45) - 1*532/(-10)?
53
Suppose -8*y + 4*y = -32. What are the prime factors of y?
2
Suppose -2*q + 5 = 2*y - 3*y, -3*q + y = -7. Suppose q - 24 = -2*f. What are the prime factors of f?
11
Suppose 0 = -4*y + 3*x + 55 + 252, -3*x = 4*y - 277. What are the prime factors of y?
73
Suppose 0 = u - 0*u + 5*g + 25, -4*u - 25 = -5*g. Let r = 24 + u. List the prime factors of r.
2, 7
Let u be ((-12)/15)/(4/(-10)). Suppose 4*i + l - 82 = -0*l, 4*i - 84 = -u*l. List the prime factors of i.
2, 5
Let n(w) = -w. Let o be n(-5). Let l(z) = z. Let u be l(2). Suppose -o*r + 5*f = -25 - 15, 0 = -5*r + u*f + 34. What are the prime factors of r?
2, 3
Let t = 118 - 55. What are the prime factors of t?
3, 7
Let d(r) = -r + 9. Suppose 0*p = -p + 4. What are the prime factors of d(p)?
5
Let p(q) = -2*q**3 - 9*q**2 + 15*q - 8. List the prime factors of p(-7).
2, 3, 11
Suppose 0*d = 6*d - 168. What are the prime factors of d?
2, 7
Suppose 2*z + 2*x = 7 + 3, 2 = 4*z - 5*x. Suppose 5*p - 129 = 2*p. Suppose -2*o = -z*q + p, -3*q + 16 = -q + 5*o. List the prime factors of q.
13
Suppose 6*v - v - 25 = 0. Let x(b) = b - 5. Let f be x(v). Suppose i + f - 10 = 0. What are the prime factors of i?
2, 5
Suppose 2*y + 2*n = 4, -7*y = -2*y + 4*n - 13. Suppose y = k + 1. List the prime factors of k.
2
Suppose 13 = 2*u + 9. What are the prime factors of ((-1)/(-2))/(u/92)?
23
Let x(d) = d**3 + 13*d**2 + 5. Let m be x(-13). Let v = -10 + 18. Suppose g = -s + v, -g - 4 + 0 = m*s. What are the prime factors of g?
11
Let v = 4 - -27. Suppose -5*a = -3*r + v, -5*r = -4*a - 15 - 2. Let u(c) = c**3 + 9*c**2 + 6*c - 1. List the prime factors of u(a).
3, 5
Suppose 452 + 328 = 4*y. List the prime factors of y.
3, 5, 13
Suppose -c - 9 = -4*j - 33, -3*j + 59 = c. List the prime factors of c.
2, 11
Let j(n) = n**3 + 6*n**2 - 2*n - 9. Let x be j(-6). Suppose 64 = 2*p + 2*r, -x*r + 130 = p + 3*p. What are the prime factors of p?
2, 17
Let t(c) = -c**3 - 10*c**2 - 11*c - 7. Let q be t(-9). Let v = q - 8. Suppose v*f + 6 = 6*f. List the prime factors of f.
2
Let b(z) = -z - 1. Let u(q) = 2*q. Let s(h) = -4*b(h) - 3*u(h). Let r be s(-5). What are the prime factors of (-67)/(-5) + r/(-35)?
13
What are the prime factors of 9/(((-10)/55)/(-2))?
3, 11
Let o = 5 + -5. What are the prime factors of 3 + -1 + o + 4?
2, 3